
60
Let w(l) = -l**3 - 7*l**2 + 21*l + 161. Calculate the remainder when 2133 is divided by w(-9).
123
Let u(h) = 5*h + 20. Let s be u(-3). Suppose 64 = w - s*z, -174 = 9*w - 12*w - 3*z. What is the remainder when w is divided by 45?
14
Let h = 86 - 25. What is the remainder when h is divided by (3 - -24) + 48/(-6)?
4
Let a(b) = b**3 + 10*b**2 - 54*b - 444. Calculate the remainder when 6813 is divided by a(-10).
93
Let j(x) = -107*x - 1833. Calculate the remainder when 620 is divided by j(-20).
6
Calculate the remainder when 2816/77 + -11 + (-6)/(-14) is divided by 17.
9
Let j(a) = -74*a + 899. What is the remainder when 150 is divided by j(12)?
7
Let j = 1796 - 1761. Let n = 12 + 9. Calculate the remainder when j is divided by n.
14
Let q(b) = b**3 - 18*b**2 + 50*b - 22. What is the remainder when q(17) is divided by 143?
110
Let u be ((-184)/24 - -7) + 4678/6. Let j = u + -401. Calculate the remainder when j is divided by 19.
17
Suppose 7*s - 785 = 412. Let i = s + -159. What is the remainder when 44 is divided by i?
8
Let l = -69 - -165. Let y = 104 - l. What is the remainder when 27 is divided by y?
3
Suppose -5*g + 430 = 3*l, -3*l = -4*g - 4*l + 337. Suppose 3*z + z + 76 = 5*o, -5*o + g = 3*z. What is the remainder when 70 is divided by o?
6
Suppose 0 = -y + 4*y - 342. Calculate the remainder when y is divided by -2 + (-4)/(-2) + (324/12 - 3).
18
Let m(l) = 2*l**2 + 1732*l + 5202. What is the remainder when 563 is divided by m(-3)?
11
Suppose 4*a = b - 12, -4*a + 18 = 3*b + 14. Suppose -2*o = -b*o + 288. What is the remainder when o is divided by 49?
46
Suppose -66*s = -68*s - 232. Let r = -99 - s. Calculate the remainder when r is divided by 13.
4
Calculate the remainder when 1227 is divided by (130/(-182))/(3 + (-66)/21).
2
Let o(q) = -q**3 - 14*q**2 - 16*q - 29. Let d be ((-16)/14)/((-10)/35). Suppose 0 = -6*a - d*a - 130. Calculate the remainder when 28 is divided by o(a).
8
Suppose -5*r - 381 = -5*i + 574, -3*i = -r - 563. Let b = -1869 - -1878. What is the remainder when i is divided by b?
6
Let b(m) = m**2 - m. Let o(k) = -8*k**2 - 6*k - 2. Let j(d) = 10*b(d) - o(d). Calculate the remainder when j(1) is divided by 8.
0
Let g(p) = 4*p - 30. Let a = 134 - 125. Calculate the remainder when 15 is divided by g(a).
3
Suppose 267*j + 4*w - 2128 = 265*j, -5*j + 5320 = 2*w. What is the remainder when j is divided by 34?
10
Suppose -22 + 10 = -6*f. Calculate the remainder when 39 is divided by (f - (-6 + 1))*1.
4
Let g = 336 - 414. Suppose 4*q - 3*q = 4. What is the remainder when (-2)/8*(g - 14) is divided by q?
3
Let h(p) = -p**2 - 8*p - 10. Let b be h(-6). Suppose 0 = -y - 6*v + b*v + 4, 2*v = y + 20. Let q(z) = 2*z + 27. What is the remainder when q(y) is divided by 2?
1
Suppose -1215 = -390*c + 11265. Let v = 1306 + -764. Calculate the remainder when v is divided by c.
30
Calculate the remainder when (-11679)/(-12) + 1107/164 is divided by 295.
95
Let o be (-448)/(-63) - 3/27. Suppose 0 = 4*d - 0*f + 5*f - 33, 2*f - 16 = -2*d. Calculate the remainder when 37 is divided by o/(d/5) + -2 + 1.
1
Suppose l + 696 = 5*m + 168, 0 = -3*m - 2*l + 309. Let s(j) = 29*j**2 + 2816*j + 310. Calculate the remainder when m is divided by s(-97).
10
Suppose -23 = -9*q + 94. Let f(d) = d**3 - 14*d**2 + 21*d - 97. What is the remainder when 41 is divided by f(q)?
6
Calculate the remainder when (-27)/(-45) - 224/(-10) is divided by ((-108)/513)/((-7)/266).
7
Let i(q) = -21*q + 1. Let f be i(1). Let g(b) = -2*b - 33. Let x be g(f). Suppose 4*c - 4*y = 28, 2 - x = -5*y. What is the remainder when 35 is divided by c?
3
Let z = -23 - -43. Let r = 294 - 291. Suppose -r*f = -2*k + 24 + 147, 5*k + 2*f = 380. Calculate the remainder when k is divided by z.
18
Suppose 4*k + 481 + 243 = 0. Let q = k - -264. What is the remainder when q is divided by 33?
17
Let n(z) be the third derivative of 3*z**6/2 - z**5/60 + z**4/24 + 108*z**2. Calculate the remainder when n(1) is divided by 46.
42
Suppose 237*d - 164*d + 71568 = 129*d. What is the remainder when 3847 is divided by d?
13
Let o(u) be the third derivative of u**6/120 - 7*u**5/30 - 13*u**4/24 - u**3/2 - 8*u**2. Let m = -174 + 254. Calculate the remainder when m is divided by o(15).
26
Let j(g) = 4*g**2 + 8*g - 27. Let u be j(-6). Let p(a) = -37*a + 1. Let y be p(-2). Let f = y - u. What is the remainder when 34 is divided by f?
4
Suppose -210 = -71*b + 1281. Suppose -5*w + 46 + 194 = 0. Suppose 5*x - 15 = 3*v + w, -5*x - 3*v = -57. Calculate the remainder when b is divided by x.
9
Let t(s) = -11*s + 1. Suppose -9 = -2*g - 5*q, -g + 3*g = 4*q. Suppose -21 = -m - d + g, 2*d = 3*m - 64. Calculate the remainder when m is divided by t(-1).
10
Let g(l) = -71*l**3 - 3*l**2 - 4*l + 7. Let b be g(2). Let o = b + 619. What is the remainder when 61 is divided by o?
23
Let h = -30 + 52. Suppose -4*j - 8 = -2*z + 4, -4*j = -8. Calculate the remainder when h is divided by z.
2
Let d(h) = 34*h**2 + 9*h - 10. Let a be d(1). Suppose 0 = -a*f - 538 + 1726. What is the remainder when 176 is divided by f?
32
Suppose 0 = -5*s + 36 - 26. Let v be (-264)/36*((-17)/(-2) + s). Let t = 82 + v. What is the remainder when 13 is divided by t?
3
Let d = -132 + 231. Suppose d + 401 = 5*c. Calculate the remainder when c is divided by 34.
32
What is the remainder when 85 is divided by (1 - 16/6) + 680/12?
30
What is the remainder when 948 is divided by -4 - 4/(28/(-357))*(-8)/(-6)?
52
Let v = 182 + -177. Suppose -g = -0*p - 4*p + 119, v*g - 72 = -3*p. Calculate the remainder when p is divided by 10.
9
Let f(g) = 2*g**3 - 2*g**2 + g - 3. Let u = 4 - 148. Let l = -76 - u. What is the remainder when l is divided by f(3)?
32
Suppose 9 + 4 = -2*l + t, -3*l - 2*t = 2. Let z = 7 + l. Calculate the remainder when 2 - (-27 - 2)*3/z is divided by 16.
15
Suppose 5*v - 5*m + 715 = 0, 3*m - 2 = 13. What is the remainder when 57 is divided by 34/51*v/(-4)?
11
Suppose -15 = -3*l - 4*r + 41, -l + 3*r - 3 = 0. Calculate the remainder when 1103 is divided by l.
11
Let x(h) = -h**3 - 13*h**2 + 43. Let l be (3/3 - 0)/(4/(-52)). What is the remainder when 472 is divided by x(l)?
42
Suppose 0 = -4*h - 3*t + 409, -2*t + 205 = h + 104. Calculate the remainder when 299 is divided by h.
93
Let r = 197 + -179. Let y be 14/(-63) + (-2)/(-9). Suppose y = -2*w + r. What is the remainder when 36 is divided by w?
0
Suppose 2*p + g - 330 = 0, 5*p - 675*g = -676*g + 819. Let i = -24 + 45. What is the remainder when p is divided by i?
16
Let r = -152 + 149. Calculate the remainder when 50 is divided by (r + 18/12)/((-3)/54).
23
Suppose 84 = 3*q - i, 0*q - 3*q = 3*i - 72. Suppose -218 = -5*h - 2*f - 62, -f - 7 = 0. Calculate the remainder when h is divided by q.
7
Suppose -6411 = -2*c - 26*i + 25*i, -i + 16020 = 5*c. Calculate the remainder when c is divided by 23.
6
Suppose u - 42 = -2*v, 50*u + 5*v + 56 = 51*u. What is the remainder when 346 is divided by u?
24
Let w be ((-9)/(-6) - 2)*2. Let o = -1801 + 1808. Calculate the remainder when (-2 - (0 + w))*-26 is divided by o.
5
Suppose -2*c + 3*t + t = -14, 0 = 2*c - 2*t - 18. Suppose -35 + 123 = -4*s. Let m = 26 + s. What is the remainder when c is divided by m?
3
Suppose -5*w = 3*t - 775 - 1037, -w + 3*t + 366 = 0. Let a = -3778 + 3851. Calculate the remainder when w is divided by a.
71
Let c(o) = o - 3. Let x be c(6). Suppose -3*m + 15 + x = 0. Calculate the remainder when (-12)/54 - 1/9*-92 is divided by m.
4
Let p = 804 - 445. Suppose -24*z = -49 - 311. Calculate the remainder when p is divided by z.
14
Let h(l) = 84*l + 6137. What is the remainder when h(-11) is divided by 18?
11
Let n be -7 - (32/(-8) - 301). Let a = n - 271. Let p(h) = h**3 + 4*h**2 - 2*h + 2. What is the remainder when a is divided by p(-4)?
7
Let y = -37 + 37. Suppose y = 34*q - 39*q + 480. What is the remainder when q is divided by 42?
12
Let u(d) = -685*d + 6352. Calculate the remainder when 1103 is divided by u(9).
168
Let k(v) = 69*v**2 - 30*v - 17. What is the remainder when k(-3) is divided by 19?
10
Let r(h) = 60 - 11*h + 42 + 67 + 13*h. Calculate the remainder when r(-16) is divided by 46.
45
Let w = -4 - -32. Let r = -1579845 + 1579891. Calculate the remainder when r is divided by w.
18
Let g = 128 - 124. Suppose -9 = -g*b - 13. Calculate the r